 - 10, 2*i + 703 = h*p. Calculate the highest common divisor of 33 and p.
33
Let z = 152 + -106. Suppose -p - 2*q = 4*p - 35, -4*p = -2*q - z. Calculate the greatest common factor of p and 72.
9
Let i be -12*(-72)/(-64)*(-2 - 52). What is the highest common factor of i and 108?
27
Suppose 0*d - 4 = 2*j - 4*d, 4*d - 12 = 0. Let p = 15 + -8. Let l(x) = 2*x**2 - 7*x - 13. Let g be l(p). Calculate the greatest common factor of g and j.
4
Suppose 0 = 3*w + 5*n - 56, 3304*w + 5*n = 3306*w - 104. Calculate the greatest common factor of 12128 and w.
32
Let t be (((-28)/10)/7)/(3/(-15)). Suppose 102 = 4*v - t*n - 98, 0 = -4*v + n + 204. Let i = -379 + 951. What is the highest common divisor of v and i?
52
Let w(y) = 3*y**3 + 37*y**2 + 7*y + 112. Let b be w(-12). What is the highest common factor of 3268 and b?
172
Suppose 139 = 107*k - 20 - 55. Let b(q) = -q**2 + 7*q - 2. Let j be b(6). Calculate the greatest common divisor of k and j.
2
Let j be -2 + 1 + (89 - 0). Suppose 18*r + 11*r = 348. Suppose 14*w = -r*w + 3432. Calculate the highest common factor of j and w.
44
Let z = 166 + -194. Let w be z/98 + (-636)/(-21). What is the highest common factor of w and 120?
30
Let k be 2185 + (166/747 - 16/(-9)). What is the highest common factor of k and 9?
9
Let k(t) = 2*t**2 - 5*t - 316. Let p(n) = -n + 1. Let q(z) = k(z) + p(z). Let s be q(18). Calculate the greatest common divisor of 375 and s.
75
Suppose -68*p - 8*p + 3318 = 3*p. What is the highest common factor of 2184 and p?
42
Suppose 2 - 4 = -f. Let y = 2 - -35. Suppose 0 = -m + 5*b + 7, -2*m = -m + 5*b - y. What is the greatest common factor of f and m?
2
Let a be -6 + -1*(-18 - -7). Suppose 15*t + a*p - 359 = 13*t, -3*p = -t + 207. Calculate the greatest common divisor of 256 and t.
64
Let h(n) = 590*n**2 - 111*n + 240. Let j be h(2). Calculate the highest common divisor of j and 116.
58
Suppose 890 = -27*d + 37*d. Suppose 2*s - d = -5*a, -4*a + 97 = -3*s + 12. Calculate the greatest common factor of 38 and a.
19
Suppose 0 = -2*t - 5*w + 250, 150*w - 146*w = -3*t + 389. What is the highest common divisor of t and 324?
27
Let f(t) = -t**2 - 55*t + 693. Let u be f(10). Calculate the greatest common divisor of 14276 and u.
43
Let o(y) = y. Let a(k) = -4*k - 1. Let i(q) = -a(q) - 5*o(q). Let f be i(-7). Let m be (-13 + f)/(2/(-6)). Calculate the highest common divisor of 6 and m.
3
Let s(c) be the first derivative of -c**2/2 + 51*c + 187. Let m be s(-25). What is the greatest common factor of 228 and m?
76
Suppose 0 = -f - 5*w + 3979 - 1419, -f + 28*w + 2593 = 0. Calculate the greatest common factor of 270 and f.
135
Let v(u) = u**2 + 29*u + 132. Let d be v(-41). Suppose -154*m = -152*m - 78. Calculate the greatest common factor of m and d.
39
Let l = 45 - 36. Let y = 13 - l. Suppose -95 = y*f - 447. Calculate the greatest common divisor of f and 8.
8
Let z(m) = -m**3 - 7*m**2 - 7*m + 9. Let h be z(-8). Suppose -8*c + 119 = -h. Let s = c - 22. What is the greatest common divisor of 6 and s?
3
Let j = -326 - -516. Let o(f) = -4*f - 7 + 10*f + 0*f + 0 + 3*f**2. Let a be o(3). Calculate the greatest common divisor of j and a.
38
Suppose -207 = -u + 5*z, 136 = 2*u - 4*z - 290. Calculate the greatest common factor of u and 259.
7
Suppose -228 = -s + 4*r, 2*s = -2*s - 4*r + 1012. Suppose 74 = -3*w + 20. Let h(n) = -4*n - 41. Let b be h(w). What is the highest common factor of b and s?
31
Let v be ((-1260)/8)/(2/(-12)). Calculate the greatest common factor of v and 20.
5
Let l = -112 - -172. Let i(z) = z**3 - 111*z**2 + 139*z - 3100. Let m be i(110). Calculate the highest common factor of l and m.
30
Let g be 389598/18 + (-260)/(-390). What is the greatest common factor of 999 and g?
333
Let g = 455 - 226. Let c = g - 209. Calculate the greatest common divisor of c and 30.
10
Let r(y) = -3*y**3 - 2*y**2 - 4*y - 3. Let v be r(-2). Suppose 25*z - 2914 = -2214. What is the greatest common factor of z and v?
7
Let z(t) = t**2 - 3*t + 8. Let f be z(4). Let u be 42/5*-1*(-70)/21. What is the highest common divisor of u and f?
4
Let p = -28 - -50. Suppose 13*w + 2212 = 2238. What is the highest common factor of p and w?
2
Let f = -4380 + 4432. What is the greatest common divisor of f and 1?
1
Let b(i) = -18*i - 54. Let g be b(-14). Calculate the greatest common factor of 352 and g.
22
Let h be ((-805)/(-63)*-6 - 0)*(-102)/4. What is the highest common divisor of 2040 and h?
85
Let u(y) = 2 + 1149*y**2 + 9 - 1136*y**2. Let r be u(-3). What is the highest common divisor of 16 and r?
16
Let s be 43*-3*(-4)/6. Let z = 282 + -286. Let m be (-259)/(-6) + (z - (-46)/12). What is the greatest common divisor of m and s?
43
Suppose 0 = 4*t - 73 - 87. Suppose 2*x + 40 = u, -u + 2*x = 7*x - 40. Let z be (u/3)/2*144/60. Calculate the greatest common divisor of z and t.
8
Let c = 844 + -835. Suppose -5*n = -3*m + 49, 4*m - 8*n - 67 = -3*n. What is the highest common divisor of m and c?
9
Let k(c) = 7*c**2 + 193*c + 148. Let l be k(-49). What is the highest common factor of l and 46?
46
Let p(n) = n**3 + n**2 + 4*n - 13. Let v be p(7). Let q = v - 259. Calculate the highest common factor of q and 4.
4
Let i = 47 + -47. Suppose -5*j = -5*v + 1700, 5*v - 7*j + 3*j - 1696 = i. What is the highest common divisor of v and 48?
48
Let w(d) = -12*d**2 + 2*d + 1. Let m be w(2). Let a = m + 45. Suppose 3*j = n + 62 + 90, 2*j - a*n = 100. Calculate the greatest common factor of j and 34.
17
Let r(l) = 3*l + 0*l - 4*l + 64. Let u be r(21). Calculate the greatest common factor of u and 215.
43
Suppose -843 = -13*o + 1614. Calculate the highest common divisor of o and 105.
21
Suppose -8474*r = -8442*r - 84672. Calculate the highest common divisor of 90 and r.
18
Let f = 4754 - 4572. What is the highest common factor of 234 and f?
26
Let j = 36070 - 36050. What is the highest common divisor of j and 1015?
5
Suppose 0 = 6*d - 69279 + 7989. What is the highest common divisor of 75 and d?
15
Suppose -4*w + 90 = -2*u, -5*w + 66 = 2*u - 24. Suppose w*k = 23*k - 126. Calculate the highest common divisor of 70 and k.
14
Let a be (-5)/(4/((-252)/35)). Calculate the greatest common divisor of 46 and a.
1
Suppose -2*x + 9818 = 196. Calculate the greatest common divisor of 51 and x.
17
Suppose -92 = -4*h - 328. Let p be ((-96)/72)/(1/36). Let w = p - h. Calculate the highest common divisor of w and 110.
11
Let u = -5866 + 10766. Calculate the highest common divisor of 400 and u.
100
Let u be (-2)/2*247/(-19 + 6). What is the highest common divisor of u and 8949?
19
Let q(d) = 2*d + 80. Let t be -1*(1 - (-4 - (0 + 8))). Let i be q(t). Calculate the greatest common divisor of i and 72.
18
Let v = 2311 - 2307. What is the highest common divisor of v and 1492?
4
Suppose -86*p - 12*p = -38*p - 6000. Calculate the greatest common divisor of 4175 and p.
25
Let r be (-5)/(-9 - -4)*-90*210/(-25). Calculate the highest common factor of 81 and r.
27
Let a be 435/12 + (-1)/4. Let v(d) = -d**3 + 15*d**2 + 2*d + 12. Let j be v(5). Let m = -236 + j. Calculate the greatest common divisor of a and m.
36
Let f = -1877 + 2005. What is the highest common factor of f and 184?
8
Suppose -5*q + 2*o + 12069 = 0, 568 = 3*q + 4*o - 6663. Calculate the greatest common factor of 38 and q.
19
Suppose -5563 = -x - 4*f, 4*x + 2*f = -1334 + 23670. What is the greatest common factor of 37 and x?
37
Let q be 56/((-47)/(-141) - (-1)/6). What is the greatest common divisor of q and 350?
14
Let d = -94 + 93. Let f be (-4)/8 + ((-2052)/8)/d. Calculate the greatest common divisor of f and 64.
64
Let r be 70 + 1 + (-4 - -2). Let k(v) = v**3 + 4*v**2 - 38*v - 64. Let q be k(-6). What is the greatest common divisor of q and r?
23
Let x(q) = 5*q**3 - 36*q**2 + 9*q + 22. Let k be x(7). Calculate the greatest common factor of 52 and k.
4
Let x be 6/15 + (-38)/(-5). Let a = -186500 - -187516. Calculate the highest common divisor of x and a.
8
Let o = 130 + -184. Let y(m) = -2*m**2 - 7*m + 60. Let x be y(4). Let g be x + (o + -2)/(-2). Calculate the greatest common factor of g and 14.
14
Let d(c) = -14*c + 733. Let y be d(-38). Calculate the highest common factor of 920 and y.
115
Let p(i) = 2*i**2 - 27*i + 26. Suppose 0 = -16*n - 129 + 337. Let g be p(n). Calculate the highest common factor of g 